s the highest common factor of 351 and x?
27
Let i = 17 + -3. Let k = -10 - -15. Suppose -2*o - 168 = -k*o. Calculate the greatest common factor of o and i.
14
Suppose -94 - 31 = -3*h + 2*r, 3*h = -3*r + 150. Suppose -5*u + 3*f = -67, 0 = 5*u + 3*f - h - 28. Calculate the highest common divisor of u and 154.
14
Let k(r) = r**3 + 5*r**2 + 2*r - 2. Let f be k(-4). Let v be f/(-9) + (-50)/(-3). Calculate the greatest common factor of 112 and v.
16
Suppose 32 = 4*i + 8. Let q be ((-176)/(-12) + 0)*i. Calculate the highest common divisor of 11 and q.
11
Suppose 0 = -0*j + 5*j. Suppose -3*g - 4 + 28 = j. What is the highest common factor of g and 2?
2
Let d = 14 + 3. Calculate the highest common factor of d and 17.
17
Let f(o) = -6*o + 12. Let t be f(-8). Calculate the highest common divisor of t and 30.
30
Let q be -1*(-2 + 9*-1). Suppose -6*k + 9*k = 297. Calculate the highest common factor of k and q.
11
Let d(s) = -4*s**2 + s + 2*s**2 + 3*s**2. Let u be d(0). Suppose -72 = -u*h - 4*h. What is the greatest common divisor of 126 and h?
18
Suppose 2*t - s = 598, t - s - 1198 = -3*t. What is the highest common factor of 120 and t?
60
Let v(y) = y**3 + 12*y**2 - 6*y + 16. Let r be v(-12). What is the greatest common factor of r and 8?
8
Let a be -3 + 4*18/4. What is the greatest common factor of 165 and a?
15
Let g = -82 + 109. What is the greatest common factor of 9 and g?
9
Suppose 0*b + 2*b - 30 = -4*m, 2*b - 4*m - 6 = 0. Calculate the highest common divisor of 6 and b.
3
Let a be (-1 + 2/4)*-4. Let q be 5/1 - (0 + a). Suppose 21*n = 22*n - 12. Calculate the highest common divisor of n and q.
3
Suppose 0 = -2*l - 0*l + 28. Calculate the greatest common divisor of l and 126.
14
Suppose -5*l + 55 = -165. Calculate the greatest common divisor of l and 11.
11
Suppose -68 = -2*r + n - 3*n, 4*r + 5*n = 135. What is the highest common divisor of r and 20?
5
Let x(b) = 5 + 4*b**3 - 3 - 5*b**3 - 5*b + 0*b**2 - 5*b**2. Suppose -8 = 2*h + 2. Let t be x(h). Calculate the highest common factor of t and 18.
9
Let l = 6 + -6. Suppose l = v - 2*v + 11. Suppose 4*z - 94 = -3*t, -7*z - 5*t + 98 = -3*z. What is the greatest common factor of v and z?
11
Suppose 0 = -4*d - 5*x - 19, d + 5*x = 3*x - 7. Let k be 1 + d - -152 - -2. Let s be (-1 - (13 + -3))*-2. Calculate the highest common divisor of s and k.
22
Suppose -3*h + 253 = o, 5*h + 2*o - 338 - 84 = 0. Calculate the greatest common factor of 210 and h.
42
Suppose -h = -4*j + 223, j - 54 = -0*j + 2*h. What is the highest common divisor of 8 and j?
8
Suppose z = 4*o + 29, -3*z = z - 2*o - 74. Calculate the highest common divisor of 119 and z.
17
Suppose -13*l - 378 = -19*l. What is the highest common factor of l and 7?
7
Let h be (-2)/12 - (-218)/12. Calculate the highest common factor of h and 18.
18
Suppose 3*i + 2*h = -16, -2*i = 2*h + 2 + 10. Let g(j) = -j**3 - 2*j**2 + 7*j + 5. Let o be g(i). Calculate the greatest common factor of o and 18.
9
Let x(r) = 0*r + 7*r + 0 + 2*r**2 + 7 - r**2. Let v be x(-8). Let h be v/(-2)*(-16)/6. What is the greatest common divisor of 30 and h?
10
Let i be 1 + 18 + 14 + -15. What is the highest common factor of i and 2?
2
Let k be 4 + (2 - 3/1). Suppose 11 + 16 = k*y. Calculate the highest common divisor of 1 and y.
1
Let i = 7 - -8. Let f = i + -8. Suppose 5 - 10 = -5*z, -4*q = 4*z - 32. What is the greatest common divisor of f and q?
7
Let w = -3 + 10. Suppose w*k = 3*k. Suppose 2*q + q - 81 = k. What is the greatest common factor of q and 54?
27
Let m = 40 + -57. Let t be 0 - (-2 - -3)*m. Let n(v) = 6*v**2 - 6*v - 1. Let d be n(-4). Calculate the greatest common divisor of d and t.
17
Let n = 64 + -38. What is the highest common divisor of 78 and n?
26
Suppose 64 = -3*a + 352. Let m be ((-3)/2)/(3/(-52)). Suppose -f + m = 2*c, 3*c + f = 4*f + 30. Calculate the highest common divisor of c and a.
12
Suppose -4*i + 13 = -11. Suppose b + 16 = 4*o, 4*b - 6 = o + o. Let u be 7/14 - (-22)/b. What is the greatest common factor of u and i?
6
Let p be 6*(1 - 1/(-3)). Let r = 769 + -681. What is the highest common factor of r and p?
8
Let u(l) = -10*l + 5. Let k be u(-10). Suppose -4*b - b = -k. Calculate the highest common divisor of 3 and b.
3
Suppose -25*l + 18*l = -420. What is the greatest common divisor of l and 12?
12
Let g be -10*4/8*-10. Calculate the greatest common divisor of g and 10.
10
Let t(g) = -g**3 + 7*g**2 - 6*g. Let x be t(4). Calculate the highest common factor of x and 3.
3
Let v be 2/(-5) + 12/5. Suppose -5*u - 5*h = -40, -v*u - 4*h = 3*u - 40. What is the greatest common divisor of u and 32?
8
Suppose -2*n + 36 = -0*n. Calculate the highest common factor of n and 72.
18
Let m = 95 - 69. Calculate the greatest common factor of 117 and m.
13
Suppose -4*d = -120 - 56. Let z(l) = 34*l - 2. Let s be z(2). Calculate the greatest common factor of d and s.
22
Suppose -5*h + 85 = 30. What is the highest common factor of h and 11?
11
Suppose 8*j = 4*j + 80. What is the highest common factor of 40 and j?
20
Let w = 50 - -38. What is the highest common divisor of w and 11?
11
Let c be (65/(-10))/((-4)/112). What is the greatest common divisor of 14 and c?
14
Suppose 3*m = -l + 2 + 4, 5*m = -4*l + 24. What is the greatest common factor of l and 9?
3
Let o be (-1 - -2)*(-2 + 17). Let d = o + -8. What is the greatest common divisor of 49 and d?
7
Suppose 198 = -20*a + 29*a. What is the highest common divisor of 242 and a?
22
Let d be ((-5)/(-4))/((-6)/(-72)). Calculate the greatest common divisor of 120 and d.
15
Let g be 6 + (-2 - 0)*-1. What is the highest common divisor of 8 and g?
8
Suppose -2*h - m = -63, 5*m + 9 - 93 = -3*h. Let b = -10 - -20. Let l be b/1 - (1 + -2). Calculate the greatest common factor of h and l.
11
Suppose 12 = 3*q + 111. Suppose -30 = 4*f + f. Let v = f - q. Calculate the highest common factor of 3 and v.
3
Let f = 8 + -6. Let q(j) = 1 - f*j - 3 + 2 + 4 + j**2. Let a be q(-4). Calculate the greatest common factor of a and 70.
14
Suppose 20 = -5*s, -3*m + 5*s + 10 = -13. Let c = 12 + m. Suppose -5*x = g - 192, -2*g = -5*x - 10 + 211. What is the highest common divisor of c and x?
13
Suppose u + 4*l = 2*u + 2, -10 = -4*u - 2*l. What is the greatest common factor of u and 3?
1
Let p(i) = i**3 - 8*i**2 + 9*i - 5. Let y be p(7). Suppose 0*b = -5*b + 15. Calculate the greatest common factor of y and b.
3
Suppose 2*g = 3*u - 18, u + 3*u + 5*g - 1 = 0. Suppose 74 - 10 = u*h. What is the greatest common factor of h and 24?
8
Suppose 88 = 3*z - 6*r + 4*r, 3*z + 3*r - 108 = 0. Calculate the highest common factor of z and 352.
32
Let o = 45 + -37. Calculate the greatest common divisor of 8 and o.
8
Let q = -153 - -227. Calculate the greatest common factor of q and 37.
37
Suppose g = 56 - 64. Suppose -3*s + 0*s + 33 = 0. Let j = s + g. What is the greatest common factor of j and 2?
1
Let t(x) = -2*x - 3. Let f be t(-4). Let o = -17 + 37. Suppose 70 - o = f*c. Calculate the highest common divisor of c and 10.
10
Suppose l = 5*l + 2*s - 24, -5*l + 2*s = -48. Suppose -u - u = -l. What is the highest common divisor of 28 and u?
4
Let y(r) = -2*r**3 - 3*r**2 + 6*r**2 + 6*r - r**3. Let n be y(-4). Suppose 3*x = -0*x + n. What is the highest common divisor of x and 9?
9
Let w be 2/6*(-102)/(-2). Suppose -m - 4*m = -45. Let t = w - m. Calculate the highest common factor of 64 and t.
8
Let t = 522 + -313. Let l(u) = u**2 + 3*u + 4. Let f be l(-3). Suppose -a - 7*h + 14 = -2*h, -4*a - f*h = -72. Calculate the highest common divisor of t and a.
19
Let u(y) = -3*y - 14. Let c be u(-10). Suppose 2*v = 2*s + 34, -5*v = -s - 2*s - 87. Suppose v = 3*z - 6. Calculate the highest common divisor of z and c.
8
Let u = 85 + -74. Calculate the highest common factor of 55 and u.
11
Let n be ((-28)/(-20))/7 - (-64)/5. What is the highest common divisor of n and 26?
13
Suppose 4*l - l + 5*z = 765, -3*l + z + 747 = 0. Let v be (2/(-5))/((-5)/l). Calculate the greatest common factor of v and 8.
4
Let x be 4/(-7 - -3) - -7. What is the greatest common divisor of x and 12?
6
Let i = -18 - -8. Let p = i + 20. Calculate the greatest common divisor of p and 20.
10
Let v(p) = -p + 3. Let n be v(-11). What is the highest common factor of 126 and n?
14
Suppose 3*r + 287 = 5*k, 4*r + 75 = k 